{"id":2703,"date":"2015-02-26T23:52:56","date_gmt":"2015-02-26T21:52:56","guid":{"rendered":"https:\/\/www.katalanischer-salon.de\/\/?page_id=2703"},"modified":"2015-02-26T23:54:46","modified_gmt":"2015-02-26T21:54:46","slug":"calcotada-popular-a-berlin-jornada-gastronomica-catalana-2015","status":"publish","type":"page","link":"https:\/\/www.katalanischer-salon.de\/de\/activitats-aktivitaten-2\/calcotada-popular-a-berlin-jornada-gastronomica-catalana-2015\/","title":{"rendered":"CAL\u00c7OTADA POPULAR &#8211; JORNADA GASTRONOMICA CATALANA 2015"},"content":{"rendered":"<p>El proper 15 de mar\u00e7 es celebrar\u00e0 la Cal\u00e7otada Popular a Berl\u00edn &#8211; Jornada Gastronomica Catalana 2015. La festa tindr\u00e0 lloc al Kino Zukunft a Ostkreuz, Laskerstrasse, 5 al migdia.<\/p>\n<p>&nbsp;<\/p>","protected":false},"excerpt":{"rendered":"<p>El proper 15 de mar\u00e7 es celebrar\u00e0 la Cal\u00e7otada Popular a Berl\u00edn &#8211; Jornada Gastronomica Catalana 2015. La festa tindr\u00e0 lloc al Kino Zukunft a Ostkreuz, Laskerstrasse, 5 al migdia. &nbsp;<\/p>","protected":false},"author":1,"featured_media":0,"parent":74,"menu_order":1,"comment_status":"closed","ping_status":"open","template":"","meta":[],"_links":{"self":[{"href":"https:\/\/www.katalanischer-salon.de\/de\/wp-json\/wp\/v2\/pages\/2703"}],"collection":[{"href":"https:\/\/www.katalanischer-salon.de\/de\/wp-json\/wp\/v2\/pages"}],"about":[{"href":"https:\/\/www.katalanischer-salon.de\/de\/wp-json\/wp\/v2\/types\/page"}],"author":[{"embeddable":true,"href":"https:\/\/www.katalanischer-salon.de\/de\/wp-json\/wp\/v2\/users\/1"}],"replies":[{"embeddable":true,"href":"https:\/\/www.katalanischer-salon.de\/de\/wp-json\/wp\/v2\/comments?post=2703"}],"version-history":[{"count":2,"href":"https:\/\/www.katalanischer-salon.de\/de\/wp-json\/wp\/v2\/pages\/2703\/revisions"}],"predecessor-version":[{"id":2709,"href":"https:\/\/www.katalanischer-salon.de\/de\/wp-json\/wp\/v2\/pages\/2703\/revisions\/2709"}],"up":[{"embeddable":true,"href":"https:\/\/www.katalanischer-salon.de\/de\/wp-json\/wp\/v2\/pages\/74"}],"wp:attachment":[{"href":"https:\/\/www.katalanischer-salon.de\/de\/wp-json\/wp\/v2\/media?parent=2703"}],"curies":[{"name":"wp","href":"https:\/\/api.w.org\/{rel}","templated":true}]}}

CALÇOTADA POPULAR &#8211; JORNADA GASTRONOMICA CATALANA 2015

<p>El proper 15 de març es celebrarà la Calçotada Popular a Berlín &#8211; Jornada Gastronomica Catalana 2015. La festa tindrà lloc al Kino Zukunft a Ostkreuz, Laskerstrasse, 5 al migdia.</p>
<p>&nbsp;</p>

<p>El proper 15 de març es celebrarà la Calçotada Popular a Berlín &#8211; Jornada Gastronomica Catalana 2015. La festa tindrà lloc al Kino Zukunft a Ostkreuz, Laskerstrasse, 5 al migdia. &nbsp;</p>
